ommon divisor of l and 4?
4
Let p = 20 - -13. Let l be (-15 - -12) + 2*3. Calculate the highest common factor of l and p.
3
Let i(p) = p**2 - 1. Let v(o) = 8*o**2 + 10*o - 24. Let b(u) = -6*i(u) + v(u). Let f be b(4). What is the greatest common divisor of 12 and f?
6
Suppose 23*d = 5758 + 2246. What is the highest common factor of 812 and d?
116
Let j be (-748)/(-11) + -4 + 2. What is the highest common divisor of 6 and j?
6
Suppose 39*j = 29*j + 130. What is the greatest common divisor of j and 2?
1
Let g(k) = -12*k - 148. Let j be g(-13). Calculate the greatest common factor of j and 10.
2
Let g be 2/(-2)*(-150)/6. Let c = g + -10. Calculate the greatest common factor of c and 3.
3
Let f = 156 - 104. Let n be (2 - (0 - -3))*-26. Calculate the highest common divisor of n and f.
26
Let l = -1368 + 1476. Let f(c) = 8*c**2 + c + 3. Let h be f(-3). What is the greatest common factor of h and l?
36
Suppose 3*n - 3*q = 33, -n + 121*q + 3 = 124*q. Let r(s) = -72*s**3 - s**2 + 1. Let z be r(-1). Calculate the highest common divisor of n and z.
9
Let p be -4 - 132/(-16) - 1/4. Suppose 0 = -4*t - p*t + 192. Calculate the greatest common factor of 18 and t.
6
Let p = -828 - -852. Calculate the highest common divisor of p and 60.
12
Suppose -3*u - 2*u + 1710 = 0. Let p be 7 + -62*(0 + 8/(-16)). Calculate the greatest common divisor of p and u.
38
Let j = -229 + 249. What is the highest common factor of 220 and j?
20
Suppose 45 = 4*c - 5*n, -2*n + 6 = 3*c + 1. Suppose 0 = 4*w - 16, -j + c*w + 52 = 2*w. Let b = -14 - -22. Calculate the highest common divisor of b and j.
8
Suppose -22*b + 4416 = 2*b. What is the highest common factor of 46 and b?
46
Suppose -h = -36 - 20. Calculate the greatest common factor of h and 70.
14
Suppose 31*p + 724 - 2491 = 0. Let i be ((-6)/(-4))/(21/532). Calculate the highest common divisor of p and i.
19
Suppose -5*x = -3*v - 0*v + 1046, -4*x - 16 = 0. Let l(q) = -q**2 + 31*q - 146. Let s be l(8). Calculate the greatest common factor of s and v.
38
Let c(p) = -p**2 + 8*p - 5. Let h be c(7). Suppose 0 = -j + h. Let x be 19 + (j/2 - 4). What is the greatest common factor of 8 and x?
8
Suppose 9*l = 8*l + 2, 114 = 2*z + 5*l. What is the greatest common divisor of z and 32?
4
Let x be 2 + 10 - 144/(-8). Let u = -1 - -7. What is the greatest common factor of u and x?
6
Let z(d) = d**2 - 6*d + 27. Let h be z(6). What is the highest common factor of h and 189?
27
Let b = 649 - 628. Calculate the greatest common factor of 21 and b.
21
Suppose l + q = 45, 0 = 3*l + 34*q - 35*q - 131. Suppose 4*y - 31 = -0*y - 5*m, 5*y - 23 = -m. What is the highest common factor of y and l?
4
Let u(w) = w**3 - 5*w**2 - 4*w - 4. Let r be u(6). Calculate the highest common factor of r and 128.
8
Let u be ((-1)/(-1))/1 + -3. Let b be (-5 + (-14)/(-2))*(-4)/u. Calculate the highest common factor of b and 18.
2
Let h(p) = -35*p + 142. Let n be h(4). What is the highest common divisor of n and 18?
2
Let f be ((-150)/(-8))/((-15)/(-1680)*21). Calculate the highest common factor of 175 and f.
25
Suppose 0 = -2*d + 13 + 9. Let q = 22 - d. Suppose -8*g + 13*g = 110. What is the highest common factor of q and g?
11
Let i(u) = 3*u**2 - 2*u - 1. Let n = -9 - -5. Let g be i(n). What is the highest common factor of g and 22?
11
Let z(h) = -2*h + 14. Let o be z(5). Let b be (-2)/(-8) - (-127)/o. Suppose -12 = -x - 2*x. What is the greatest common divisor of b and x?
4
Let p = 772 - 544. Calculate the highest common factor of p and 36.
12
Let g be 1496/6 - 6/(-9). What is the greatest common factor of g and 30?
10
Let j be (-7)/84*-9 + (-3)/4. Suppose j = 4*s + s - 100. Calculate the greatest common factor of 4 and s.
4
Let t(q) = q**3 + 7*q**2 + 7. Let d be t(-7). Calculate the greatest common divisor of 287 and d.
7
Let w be (-1)/((-3)/6*2). Suppose -7*c + 3*c + 14 = 2*j, w = -c. Suppose l = j + 5. Calculate the greatest common divisor of 2 and l.
2
Suppose 0 = -m + u + 93, 6*m - 2*m - 5*u - 369 = 0. Let k = -1 + 1. Let x be (k + 7)*24/14. Calculate the greatest common factor of m and x.
12
Let y be (-1)/(-1) + 6 + 203. Suppose -2*b - 3*j + 28 = -5, -81 = -4*b - j. Calculate the highest common factor of b and y.
21
Let b = 1123 + -500. What is the highest common divisor of 7 and b?
7
Let t = 25 - 9. Suppose 0 = 2*i - 8 - t. Suppose 3*f - 138 = 3*o + 171, 0 = -2*f + 3*o + 201. What is the highest common factor of f and i?
12
Let p(v) = v**2 + v + 2. Suppose -3*c - 3*c = 0. Let q be p(c). Let y = 20 - 16. Calculate the highest common divisor of y and q.
2
Suppose 6*j - 5 = 7. Suppose 0 = 3*f + n - 16, 5*f - 10 = -7*n + j*n. Suppose 4*i - f = 3*i. What is the highest common factor of 49 and i?
7
Suppose 0 = -3*a - 5*w + 2814 + 481, 0 = 2*a + w - 2199. Calculate the highest common divisor of a and 44.
44
Suppose 3*b - 5*o - 282 = 0, -3*o = -o + 6. Let h = b + -53. What is the greatest common factor of h and 9?
9
Suppose 4*f - 19 = -63. Let s be -2*(f/2 - -4). Suppose 403 = y + 4*y + d, s*y - 245 = d. What is the greatest common divisor of y and 9?
9
Let u be (-2 - -1)*0/(-2). Let x be 0/16 - (u - 2). Suppose f = -3*o + o + 16, -4*f - x*o = -52. Calculate the highest common divisor of 12 and f.
12
Let y(a) = -3 - 12*a - 1 + 2. Suppose 3*l + 1 = -2. Let j be y(l). What is the highest common factor of 2 and j?
2
Let f = 228 + -210. Let c(h) = 4*h**2 - 2*h + 1. Let j be c(1). Suppose 0*w = -j*w + 270. What is the highest common factor of w and f?
18
Let s be ((-7)/112*-20)/((-1)/(-220)). What is the highest common factor of s and 22?
11
Suppose -240 = -13*k + 9*k. Suppose b + 4*q - 20 = 0, -3*q - 2*q - 5 = 0. What is the greatest common divisor of k and b?
12
Let a(j) = 4*j**3 - 3*j**2 + j + 1. Let r be a(2). Calculate the highest common divisor of 69 and r.
23
Let a = 239 - 132. Suppose -a = -4*y + 5. Let k be (-6)/10 + (-9905)/(-175). Calculate the greatest common factor of y and k.
28
Suppose 2*z - 57 = 3. Suppose -162*o + 9821 - 1721 = 0. What is the greatest common divisor of o and z?
10
Let x(o) = -o**3 - 2*o**2 + 6*o - 4. Let h be x(-4). Suppose 0 = p + h*i - 113, 62 = 2*p - 3*i - 186. Calculate the greatest common divisor of p and 11.
11
Suppose -12*u = -u - 4400. Calculate the greatest common divisor of 16 and u.
16
Suppose 3*x - 271 = -4*n, 159*n = -5*x + 162*n + 471. What is the highest common factor of 465 and x?
93
Let y = 6 + 47. Let v(z) = 2*z**3 + z**2 - 14*z - 13. Let k be v(6). What is the highest common factor of y and k?
53
Let g = 105 + -40. Let m be (-3143)/(-449)*(-13)/(-7). What is the highest common divisor of m and g?
13
Suppose -3696 = -10*p - 246. What is the highest common factor of 15 and p?
15
Suppose 656 = -4*a + 8*a. Let b be ((-24)/(-16))/(6/a). What is the highest common factor of b and 164?
41
Let u be (2/4)/((-9)/(-18)). Suppose 0 = -2*z - 4, -4 = -5*b + z + 3. What is the greatest common factor of u and b?
1
Let t = 1059 + -899. Suppose -r - 3*f = -5*f - 25, 5*r = -3*f + 73. Let o = 3 + r. Calculate the highest common divisor of o and t.
20
Suppose 21*l - 4275 = 6*l. Calculate the greatest common factor of 19 and l.
19
Suppose 0*d = -2*d + 28. Let k be 194/d - (-6)/42. Calculate the greatest common divisor of 154 and k.
14
Suppose 0 = -m - 3*m. Let l(r) = r**3 - r**2 - r - 10. Let a be l(m). Let g = a - -20. Calculate the greatest common divisor of g and 50.
10
Let f = -467 - -473. Calculate the highest common factor of 9 and f.
3
Let i(x) = -20*x + 3. Let n be i(-3). Suppose -4*k + 4 = -0*k, -5*o - 4*k = -44. Suppose -15*d + o*d = -49. What is the greatest common divisor of d and n?
7
Let z be (-36)/(-15)*(1 - 91). Let q = z - -307. What is the greatest common factor of 13 and q?
13
Let f(d) = -d**3 - 4*d**2 - d + 12. Let b(t) = t. Let j(i) = 6*b(i) + f(i). Let a be j(-5). Calculate the greatest common factor of a and 96.
12
Let w(q) = q**3 + 5*q**2 + 3*q + 1. Let l be w(-3). Let g be (-448)/(-15) + (-156)/(-1170). Calculate the greatest common divisor of g and l.
10
Let r = 6 - -21. Let b be -4*3*r/(-2). What is the highest common factor of 18 and b?
18
Suppose 18 = -7*s + 88. What is the greatest common factor of 480 and s?
10
Let v = 119 - 89. Calculate the greatest common divisor of 100 and v.
10
Let f(d) = -d**3 - 3*d**2 - 2